{"id":362,"date":"2022-04-16T09:45:11","date_gmt":"2022-04-16T12:45:11","guid":{"rendered":"https:\/\/lucasdeoliveirapsi.com.br\/?page_id=362"},"modified":"2022-04-16T10:59:02","modified_gmt":"2022-04-16T13:59:02","slug":"por-categoria","status":"publish","type":"page","link":"https:\/\/lucasdeoliveirapsi.com.br\/index.php\/por-categoria\/","title":{"rendered":"Por categoria"},"content":{"rendered":"\n<p>Aqui os posts est\u00e3o separados por categoria.<\/p>\n\n\n<ul class=\"wp-block-categories-list wp-block-categories\">\t<li class=\"cat-item cat-item-8\"><a href=\"https:\/\/lucasdeoliveirapsi.com.br\/index.php\/category\/acessibilidade-otimizacao\/\">Acessibilidade &amp; Otimiza\u00e7\u00e3o<\/a>\n<\/li>\n\t<li class=\"cat-item cat-item-5\"><a href=\"https:\/\/lucasdeoliveirapsi.com.br\/index.php\/category\/analise-de-jogos\/\">An\u00e1lise de Jogos<\/a>\n<\/li>\n\t<li class=\"cat-item cat-item-6\"><a href=\"https:\/\/lucasdeoliveirapsi.com.br\/index.php\/category\/desenvolvimento-infantil\/\">Desenvolvimento infantil<\/a>\n<\/li>\n\t<li class=\"cat-item cat-item-7\"><a href=\"https:\/\/lucasdeoliveirapsi.com.br\/index.php\/category\/saude-mental\/\">Sa\u00fade mental<\/a>\n<\/li>\n\t<li class=\"cat-item cat-item-1\"><a href=\"https:\/\/lucasdeoliveirapsi.com.br\/index.php\/category\/sem-categoria\/\">Sem categoria<\/a>\n<\/li>\n<\/ul>\n\n\n<p>Em cada categoria, voc\u00ea encontrar\u00e1 conte\u00fados com temas que tem algum v\u00ednculo entre si. Navegue a vontade.<\/p>\n\n\n\n<p>Na categoria <a href=\"https:\/\/lucasdeoliveirapsi.com.br\/index.php\/category\/acessibilidade-otimizacao\/\" target=\"_blank\" rel=\"noreferrer noopener\" title=\"Acessibilidade &amp; Otimiza\u00e7\u00e3o\">Acessibilidade &amp; Otimiza\u00e7\u00e3o<\/a>, voc\u00ea encontrar\u00e1 dicas e tutoriais que podem te ajudar a facilitar a sua vida como por exemplo <a href=\"https:\/\/lucasdeoliveirapsi.com.br\/index.php\/2022\/04\/13\/mudar-a-velocidade-de-um-video\/\" target=\"_blank\" rel=\"noreferrer noopener\" title=\"uma maneira de facilitar a entender um v\u00eddeo no Youtube onde a pessoa fala muito r\u00e1pido\">uma maneira de facilitar a entender um v\u00eddeo no Youtube onde a pessoa fala muito r\u00e1pido<\/a>, ou como fazer com que o seu celular e at\u00e9 mesmo o seu computador escreva algo ditado por voc\u00ea.<\/p>\n\n\n\n<p>Em <a href=\"https:\/\/lucasdeoliveirapsi.com.br\/index.php\/category\/analise-de-jogos\/\" target=\"_blank\" rel=\"noreferrer noopener\" title=\"An\u00e1lise de Jogos\">An\u00e1lise de Jogos<\/a>, voc\u00ea encontrar\u00e1 alguns jogos eletr\u00f4nicos com uma an\u00e1lise aos olhos da psicologia avaliando habilidades que podem ser desenvolvidas ao jogar (e que podem contribuir para a vida), situa\u00e7\u00f5es que podem estressar ao jogar, e algumas informa\u00e7\u00f5es sobre esses jogos; assim voc\u00ea pode saber mais sobre o jogo que o seu filho, neto ou sobrinho tem jogado. Tr\u00eas exemplos s\u00e3o os jogos <a href=\"https:\/\/lucasdeoliveirapsi.com.br\/index.php\/2022\/04\/12\/analise-de-jogo-04-fortnite\/\" target=\"_blank\" rel=\"noreferrer noopener\" title=\"Fortnite\">Fortnite<\/a>, o <a href=\"https:\/\/lucasdeoliveirapsi.com.br\/index.php\/2022\/04\/14\/roblox-analise\/\" target=\"_blank\" rel=\"noreferrer noopener\" title=\"Roblox\">Roblox<\/a> e o <a href=\"https:\/\/lucasdeoliveirapsi.com.br\/index.php\/2022\/04\/13\/analise-de-jogo-05-minecraft\/\" target=\"_blank\" rel=\"noreferrer noopener\" title=\"Minecraft\">Minecraft<\/a>, que j\u00e1 foram avaliados aqui.<\/p>\n\n\n\n<p>J\u00e1 em <a href=\"https:\/\/lucasdeoliveirapsi.com.br\/index.php\/category\/desenvolvimento-infantil\/\" target=\"_blank\" rel=\"noreferrer noopener\" title=\"Desenvolvimento infantil\">Desenvolvimento infantil<\/a>, voc\u00ea encontrar\u00e1 post sobre diversos temas relacionados ao desenvolvimento das crian\u00e7as, como o post sobre a <a href=\"https:\/\/lucasdeoliveirapsi.com.br\/index.php\/2022\/04\/13\/a-tecnologia-e-as-criancas\/\" target=\"_blank\" rel=\"noreferrer noopener\" title=\"influ\u00eancia da tecnologia no desenvolvimento delas\">influ\u00eancia da tecnologia no desenvolvimento delas<\/a> ou o post sobre <a href=\"https:\/\/lucasdeoliveirapsi.com.br\/index.php\/2022\/04\/14\/sobre-brincar\/\" target=\"_blank\" rel=\"noreferrer noopener\" title=\"a import\u00e2ncia de brincar na inf\u00e2ncia\">a import\u00e2ncia de brincar na inf\u00e2ncia<\/a>, e olha que muito mais do que s\u00f3 pra descarregar a energia (tem crian\u00e7a que tem muita n\u00e9).<\/p>\n\n\n\n<p>E em <a href=\"https:\/\/lucasdeoliveirapsi.com.br\/index.php\/category\/saude-mental\/\" target=\"_blank\" rel=\"noreferrer noopener\" title=\"Sa\u00fade Mental\">Sa\u00fade Mental<\/a>, voc\u00ea encontrar\u00e1 posts de diversos temas relacionados \u00e0 sa\u00fade,<a href=\"https:\/\/lucasdeoliveirapsi.com.br\/index.php\/2022\/04\/14\/saude\/\" target=\"_blank\" rel=\"noreferrer noopener\" title=\" sa\u00fade mental,\"> sa\u00fade mental,<\/a> <a href=\"https:\/\/lucasdeoliveirapsi.com.br\/index.php\/2022\/04\/12\/decepcao-com-pessoas\/\" target=\"_blank\" rel=\"noreferrer noopener\" title=\"relacionamentos afetivos\">relacionamentos afetivos<\/a>, entre outros que tem liga\u00e7\u00e3o o nosso psicol\u00f3gico.<\/p>\n\n\n\n<p>Todos os post foram criados com o objetivo de falar sobre psicologia de forma mais simples e f\u00e1cil de ser entendida.<\/p>\n","protected":false},"excerpt":{"rendered":"<p>Aqui os posts est\u00e3o separados por categoria. Em cada categoria, voc\u00ea encontrar\u00e1 conte\u00fados com temas que tem algum v\u00ednculo entre si. Navegue a vontade. Na &#8230;. <\/p>\n","protected":false},"author":1,"featured_media":0,"parent":0,"menu_order":0,"comment_status":"closed","ping_status":"closed","template":"","meta":{"om_disable_all_campaigns":false,"footnotes":""},"class_list":["post-362","page","type-page","status-publish","hentry"],"aioseo_notices":[],"_links":{"self":[{"href":"https:\/\/lucasdeoliveirapsi.com.br\/index.php\/wp-json\/wp\/v2\/pages\/362","targetHints":{"allow":["GET"]}}],"collection":[{"href":"https:\/\/lucasdeoliveirapsi.com.br\/index.php\/wp-json\/wp\/v2\/pages"}],"about":[{"href":"https:\/\/lucasdeoliveirapsi.com.br\/index.php\/wp-json\/wp\/v2\/types\/page"}],"author":[{"embeddable":true,"href":"https:\/\/lucasdeoliveirapsi.com.br\/index.php\/wp-json\/wp\/v2\/users\/1"}],"replies":[{"embeddable":true,"href":"https:\/\/lucasdeoliveirapsi.com.br\/index.php\/wp-json\/wp\/v2\/comments?post=362"}],"version-history":[{"count":4,"href":"https:\/\/lucasdeoliveirapsi.com.br\/index.php\/wp-json\/wp\/v2\/pages\/362\/revisions"}],"predecessor-version":[{"id":371,"href":"https:\/\/lucasdeoliveirapsi.com.br\/index.php\/wp-json\/wp\/v2\/pages\/362\/revisions\/371"}],"wp:attachment":[{"href":"https:\/\/lucasdeoliveirapsi.com.br\/index.php\/wp-json\/wp\/v2\/media?parent=362"}],"curies":[{"name":"wp","href":"https:\/\/api.w.org\/{rel}","templated":true}]}}